{"id":596,"date":"2020-02-15T16:56:07","date_gmt":"2020-02-15T15:56:07","guid":{"rendered":"https:\/\/www.muenster-monastir.de\/?page_id=596"},"modified":"2023-01-21T19:43:41","modified_gmt":"2023-01-21T18:43:41","slug":"monastir-fuer-anfaengerinnen","status":"publish","type":"page","link":"https:\/\/www.muenster-monastir.de\/index.php\/monastir-fuer-anfaengerinnen\/","title":{"rendered":"Monastir f\u00fcr Anf\u00e4nger*innen"},"content":{"rendered":"\n<p><\/p>\n\n\n\n<div class=\"wp-block-columns is-layout-flex wp-container-core-columns-is-layout-1 wp-block-columns-is-layout-flex\">\n<div class=\"wp-block-column is-layout-flow wp-block-column-is-layout-flow\" style=\"flex-basis:25%\"><\/div>\n\n\n\n<div class=\"wp-block-column is-layout-flow wp-block-column-is-layout-flow\" style=\"flex-basis:50%\">\n<p>von Thomas Kollmann, Vorsitzender<\/p>\n\n\n\n<figure class=\"wp-block-image\"><img loading=\"lazy\" decoding=\"async\" width=\"1000\" height=\"750\" src=\"https:\/\/www.muenster-monastir.de\/wp-content\/uploads\/2020\/02\/Monastir-Meerblick.jpg\" alt=\"\" class=\"wp-image-592\" srcset=\"https:\/\/www.muenster-monastir.de\/wp-content\/uploads\/2020\/02\/Monastir-Meerblick.jpg 1000w, https:\/\/www.muenster-monastir.de\/wp-content\/uploads\/2020\/02\/Monastir-Meerblick-300x225.jpg 300w, https:\/\/www.muenster-monastir.de\/wp-content\/uploads\/2020\/02\/Monastir-Meerblick-768x576.jpg 768w\" sizes=\"auto, (max-width: 1000px) 100vw, 1000px\" \/><\/figure>\n\n\n\n<p>Nach nunmehr vier Reisen in unsere tunesische Partnerstadt einige kleine Tipps f\u00fcr Personen\/Gruppen, die sich selbst\u00e4ndig auf den Weg machen m\u00f6chten.<\/p>\n\n\n\n<p>Fl\u00fcge \u2013 ab D\u00fcsseldorf aktuell samstags und mittwochs direkt nach Monastir (Dauer ca. 2,5 Std.) mit Tunisair oder Nouvelair, jeweils 20 kg Gep\u00e4ck m\u00f6glich<\/p>\n\n\n\n<p><strong>Einreise<\/strong>&nbsp;\u2013 mit Reisepass ohne Visum (bei Pauschalreisen reicht der Personalausweis)<\/p>\n\n\n\n<p><strong>Hotels<\/strong>\u00a0\u2013 viele Hotels au\u00dferhalb der Stadt,  zum Kennenlernen hatte sich f\u00fcr unsere Gruppen das\u00a0<strong>Hotel Regency<\/strong>\u00a0angeboten, in zentraler Stadtlage am Meer\/Yachthafen mit Strandn\u00e4he, auch gut gelegen f\u00fcr Stadtbummel in die Stadt (kurze Wege) mit unterschiedlichen Sehensw\u00fcrdigkeiten und Projekten<\/p>\n\n\n\n<p><strong>Buchungen<\/strong>&nbsp;\u2013 pauschal Hotel\/Flug je nach AI, HP oder Fr\u00fchst\u00fcck au\u00dferhalb der Ferien buchbar, f\u00fcr ca. 450 bis 550 \u20ac p.P., oft mit Zug zum Flug, in Reiseb\u00fcros oder im Internet<\/p>\n\n\n\n<p><strong>sehenswert<\/strong>&nbsp;\u2013 Ribat die Burg, das Bourgiba-Mausoleum, Sportevents Basketball und Fu\u00dfball, Umweltprojekte mit Bootsfahrten, Marina\/Hafen, Kunstmuseum, Musikevents\u2026<\/p>\n\n\n\n<p><strong>Ausfl\u00fcge<\/strong>&nbsp;\u2013 z.B. mit der Bahn nach Sousse, nach El Jem zum Amphittheater, nach Kairouan mit Besuch der Gro\u00dfen Moschee und des Basars, 2-Tages-W\u00fcstentrip uvm., vielfach angeboten \u00fcber Reiseveranstalter\/Hotel oder selbst auf den Weg machen.<\/p>\n\n\n\n<p><strong>Wir w\u00fcnschen eine gute Reise!<\/strong><\/p>\n\n\n\n<p>N\u00e4heres\/Namen der Partnerorganisationen\/Kontakte bei Nachfragen \u00fcber&nbsp;<a href=\"mailto:info@muenster-monastir.de\">info@muenster-monastir.de<\/a><\/p>\n<\/div>\n\n\n\n<div class=\"wp-block-column is-layout-flow wp-block-column-is-layout-flow\" style=\"flex-basis:25%\"><\/div>\n<\/div>\n","protected":false},"excerpt":{"rendered":"<p>von Thomas Kollmann, Vorsitzender Nach nunmehr vier Reisen in unsere tunesische Partnerstadt einige kleine Tipps f\u00fcr Personen\/Gruppen, die sich selbst\u00e4ndig auf den Weg machen m\u00f6chten. Fl\u00fcge \u2013 ab D\u00fcsseldorf aktuell samstags und mittwochs direkt nach Monastir (Dauer ca. 2,5 Std.)&#8230; <a href=\"https:\/\/www.muenster-monastir.de\/index.php\/monastir-fuer-anfaengerinnen\/\" class=\"readmore\">Weiterlesen<span class=\"screen-reader-text\">Monastir f\u00fcr Anf\u00e4nger*innen<\/span><span class=\"fa fa-angle-double-right\" aria-hidden=\"true\"><\/span><\/a><\/p>\n","protected":false},"author":2,"featured_media":0,"parent":0,"menu_order":0,"comment_status":"closed","ping_status":"closed","template":"template\/full-width.php","meta":{"ngg_post_thumbnail":0,"footnotes":""},"class_list":["post-596","page","type-page","status-publish","hentry"],"_links":{"self":[{"href":"https:\/\/www.muenster-monastir.de\/index.php\/wp-json\/wp\/v2\/pages\/596","targetHints":{"allow":["GET"]}}],"collection":[{"href":"https:\/\/www.muenster-monastir.de\/index.php\/wp-json\/wp\/v2\/pages"}],"about":[{"href":"https:\/\/www.muenster-monastir.de\/index.php\/wp-json\/wp\/v2\/types\/page"}],"author":[{"embeddable":true,"href":"https:\/\/www.muenster-monastir.de\/index.php\/wp-json\/wp\/v2\/users\/2"}],"replies":[{"embeddable":true,"href":"https:\/\/www.muenster-monastir.de\/index.php\/wp-json\/wp\/v2\/comments?post=596"}],"version-history":[{"count":11,"href":"https:\/\/www.muenster-monastir.de\/index.php\/wp-json\/wp\/v2\/pages\/596\/revisions"}],"predecessor-version":[{"id":851,"href":"https:\/\/www.muenster-monastir.de\/index.php\/wp-json\/wp\/v2\/pages\/596\/revisions\/851"}],"wp:attachment":[{"href":"https:\/\/www.muenster-monastir.de\/index.php\/wp-json\/wp\/v2\/media?parent=596"}],"curies":[{"name":"wp","href":"https:\/\/api.w.org\/{rel}","templated":true}]}}